{"id":155,"date":"2023-12-07T15:35:09","date_gmt":"2023-12-07T18:35:09","guid":{"rendered":"https:\/\/manoslibresvillegas.com\/?post_type=product&#038;p=155"},"modified":"2023-12-07T15:35:10","modified_gmt":"2023-12-07T18:35:10","slug":"auricular-inalambrico-noga-twins","status":"publish","type":"product","link":"https:\/\/manoslibresvillegas.com\/index.php\/product\/auricular-inalambrico-noga-twins\/","title":{"rendered":"AURICULAR INALAMBRICO NOGA TWINS"},"content":{"rendered":"<p>Disfruta de la libertad de escuchar m\u00fasica y realizar llamadas sin cables con estos Auriculares In Ear Noganet NG-BTWINS 21. Su dise\u00f1o in-ear te brinda comodidad y un ajuste seguro, mientras que la conexi\u00f3n Bluetooth te permite moverte libremente hasta 10 metros de distancia de tu dispositivo. Con un micr\u00f3fono incorporado y modo manos libres, podr\u00e1s atender llamadas sin tener que sacar tu tel\u00e9fono del bolsillo.<\/p>\n<p>La duraci\u00f3n de la bater\u00eda de 2 horas te garantiza tiempo suficiente para escuchar tus canciones preferidas o realizar llamadas importantes. Adem\u00e1s, el estuche de carga incluido facilita la recarga de los auriculares cuando no los est\u00e9s utilizando, asegur\u00e1ndote de que siempre est\u00e9n listos para usar. Gracias a la tecnolog\u00eda TWS (True Wireless Stereo), podr\u00e1s experimentar un sonido est\u00e9reo de alta calidad sin cables de por medio.<\/p>\n","protected":false},"excerpt":{"rendered":"<p>Disfruta de la libertad de escuchar m\u00fasica y realizar llamadas sin cables con estos Auriculares In Ear Noganet NG-BTWINS 21. Su dise\u00f1o in-ear te brinda comodidad y un ajuste seguro, mientras que la conexi\u00f3n Bluetooth te permite moverte libremente hasta 10 metros de distancia de tu dispositivo. Con un micr\u00f3fono incorporado y modo manos libres, &hellip;<\/p>\n<p class=\"read-more\"> <a class=\"\" href=\"https:\/\/manoslibresvillegas.com\/index.php\/product\/auricular-inalambrico-noga-twins\/\"> <span class=\"screen-reader-text\">AURICULAR INALAMBRICO NOGA TWINS<\/span> Leer m\u00e1s &raquo;<\/a><\/p>\n","protected":false},"featured_media":156,"comment_status":"open","ping_status":"closed","template":"","meta":{"site-sidebar-layout":"default","site-content-layout":"","ast-site-content-layout":"default","site-content-style":"default","site-sidebar-style":"default","ast-global-header-display":"","ast-banner-title-visibility":"","ast-main-header-display":"","ast-hfb-above-header-display":"","ast-hfb-below-header-display":"","ast-hfb-mobile-header-display":"","site-post-title":"","ast-breadcrumbs-content":"","ast-featured-img":"","footer-sml-layout":"","theme-transparent-header-meta":"default","adv-header-id-meta":"","stick-header-meta":"","header-above-stick-meta":"","header-main-stick-meta":"","header-below-stick-meta":"","astra-migrate-meta-layouts":"set","ast-page-background-enabled":"default","ast-page-background-meta":{"desktop":{"background-color":"var(--ast-global-color-4)","background-image":"","background-repeat":"repeat","background-position":"center center","background-size":"auto","background-attachment":"scroll","background-type":"","background-media":"","overlay-type":"","overlay-color":"","overlay-gradient":""},"tablet":{"background-color":"","background-image":"","background-repeat":"repeat","background-position":"center center","background-size":"auto","background-attachment":"scroll","background-type":"","background-media":"","overlay-type":"","overlay-color":"","overlay-gradient":""},"mobile":{"background-color":"","background-image":"","background-repeat":"repeat","background-position":"center center","background-size":"auto","background-attachment":"scroll","background-type":"","background-media":"","overlay-type":"","overlay-color":"","overlay-gradient":""}},"ast-content-background-meta":{"desktop":{"background-color":"var(--ast-global-color-5)","background-image":"","background-repeat":"repeat","background-position":"center center","background-size":"auto","background-attachment":"scroll","background-type":"","background-media":"","overlay-type":"","overlay-color":"","overlay-gradient":""},"tablet":{"background-color":"var(--ast-global-color-5)","background-image":"","background-repeat":"repeat","background-position":"center center","background-size":"auto","background-attachment":"scroll","background-type":"","background-media":"","overlay-type":"","overlay-color":"","overlay-gradient":""},"mobile":{"background-color":"var(--ast-global-color-5)","background-image":"","background-repeat":"repeat","background-position":"center center","background-size":"auto","background-attachment":"scroll","background-type":"","background-media":"","overlay-type":"","overlay-color":"","overlay-gradient":""}}},"product_cat":[19],"product_tag":[34,20,42],"jetpack_sharing_enabled":true,"_links":{"self":[{"href":"https:\/\/manoslibresvillegas.com\/index.php\/wp-json\/wp\/v2\/product\/155"}],"collection":[{"href":"https:\/\/manoslibresvillegas.com\/index.php\/wp-json\/wp\/v2\/product"}],"about":[{"href":"https:\/\/manoslibresvillegas.com\/index.php\/wp-json\/wp\/v2\/types\/product"}],"replies":[{"embeddable":true,"href":"https:\/\/manoslibresvillegas.com\/index.php\/wp-json\/wp\/v2\/comments?post=155"}],"wp:featuredmedia":[{"embeddable":true,"href":"https:\/\/manoslibresvillegas.com\/index.php\/wp-json\/wp\/v2\/media\/156"}],"wp:attachment":[{"href":"https:\/\/manoslibresvillegas.com\/index.php\/wp-json\/wp\/v2\/media?parent=155"}],"wp:term":[{"taxonomy":"product_cat","embeddable":true,"href":"https:\/\/manoslibresvillegas.com\/index.php\/wp-json\/wp\/v2\/product_cat?post=155"},{"taxonomy":"product_tag","embeddable":true,"href":"https:\/\/manoslibresvillegas.com\/index.php\/wp-json\/wp\/v2\/product_tag?post=155"}],"curies":[{"name":"wp","href":"https:\/\/api.w.org\/{rel}","templated":true}]}}