{"id":205,"date":"2024-01-03T19:57:30","date_gmt":"2024-01-03T22:57:30","guid":{"rendered":"https:\/\/manoslibresvillegas.com\/?post_type=product&#038;p=205"},"modified":"2024-01-03T19:57:30","modified_gmt":"2024-01-03T22:57:30","slug":"auricular-akg-entrada-tipo-c","status":"publish","type":"product","link":"https:\/\/manoslibresvillegas.com\/index.php\/product\/auricular-akg-entrada-tipo-c\/","title":{"rendered":"AURICULAR AKG ENTRADA TIPO C"},"content":{"rendered":"<ul>\n<li>Altavoz: 2 v\u00edas (11 mm\/8 mm).<\/li>\n<li>Impedancia: 32.<\/li>\n<li>Respuesta de Frecuencia: 20~20kHz.<\/li>\n<li>Sensibilidad: 94.3dB\u00b13dB(-10dBFS input).<\/li>\n<li>Cancelaci\u00f3n de Ruido Activo: No.<\/li>\n<li>Inteligente: 2 botones para subir el volumen (REW) y bajar el volumen (FF), 1 bot\u00f3n para reproducir (pausar, llamada).<\/li>\n<li>Micr\u00f3fono: S\u00ed.<\/li>\n<li>Contenido del Embalaje: Almohadillas (S\/M\/L), folleto.<\/li>\n<li>Recepci\u00f3n de Llamadas: S\u00ed.<\/li>\n<li>Funci\u00f3n Silenciar\/Rechazar: S\u00ed.<\/li>\n<li>Tipo de Cable: Cable de tela.<\/li>\n<li>Peso: 18.35 g.<\/li>\n<\/ul>\n","protected":false},"excerpt":{"rendered":"<p>Altavoz: 2 v\u00edas (11 mm\/8 mm). Impedancia: 32. Respuesta de Frecuencia: 20~20kHz. Sensibilidad: 94.3dB\u00b13dB(-10dBFS input). Cancelaci\u00f3n de Ruido Activo: No. Inteligente: 2 botones para subir el volumen (REW) y bajar el volumen (FF), 1 bot\u00f3n para reproducir (pausar, llamada). Micr\u00f3fono: S\u00ed. Contenido del Embalaje: Almohadillas (S\/M\/L), folleto. Recepci\u00f3n de Llamadas: S\u00ed. Funci\u00f3n Silenciar\/Rechazar: S\u00ed. Tipo &hellip;<\/p>\n<p class=\"read-more\"> <a class=\"\" href=\"https:\/\/manoslibresvillegas.com\/index.php\/product\/auricular-akg-entrada-tipo-c\/\"> <span class=\"screen-reader-text\">AURICULAR AKG ENTRADA TIPO C<\/span> Leer m\u00e1s &raquo;<\/a><\/p>\n","protected":false},"featured_media":208,"comment_status":"open","ping_status":"closed","template":"","meta":{"site-sidebar-layout":"default","site-content-layout":"","ast-site-content-layout":"default","site-content-style":"default","site-sidebar-style":"default","ast-global-header-display":"","ast-banner-title-visibility":"","ast-main-header-display":"","ast-hfb-above-header-display":"","ast-hfb-below-header-display":"","ast-hfb-mobile-header-display":"","site-post-title":"","ast-breadcrumbs-content":"","ast-featured-img":"","footer-sml-layout":"","theme-transparent-header-meta":"default","adv-header-id-meta":"","stick-header-meta":"","header-above-stick-meta":"","header-main-stick-meta":"","header-below-stick-meta":"","astra-migrate-meta-layouts":"set","ast-page-background-enabled":"default","ast-page-background-meta":{"desktop":{"background-color":"var(--ast-global-color-4)","background-image":"","background-repeat":"repeat","background-position":"center center","background-size":"auto","background-attachment":"scroll","background-type":"","background-media":"","overlay-type":"","overlay-color":"","overlay-gradient":""},"tablet":{"background-color":"","background-image":"","background-repeat":"repeat","background-position":"center center","background-size":"auto","background-attachment":"scroll","background-type":"","background-media":"","overlay-type":"","overlay-color":"","overlay-gradient":""},"mobile":{"background-color":"","background-image":"","background-repeat":"repeat","background-position":"center center","background-size":"auto","background-attachment":"scroll","background-type":"","background-media":"","overlay-type":"","overlay-color":"","overlay-gradient":""}},"ast-content-background-meta":{"desktop":{"background-color":"var(--ast-global-color-5)","background-image":"","background-repeat":"repeat","background-position":"center center","background-size":"auto","background-attachment":"scroll","background-type":"","background-media":"","overlay-type":"","overlay-color":"","overlay-gradient":""},"tablet":{"background-color":"var(--ast-global-color-5)","background-image":"","background-repeat":"repeat","background-position":"center center","background-size":"auto","background-attachment":"scroll","background-type":"","background-media":"","overlay-type":"","overlay-color":"","overlay-gradient":""},"mobile":{"background-color":"var(--ast-global-color-5)","background-image":"","background-repeat":"repeat","background-position":"center center","background-size":"auto","background-attachment":"scroll","background-type":"","background-media":"","overlay-type":"","overlay-color":"","overlay-gradient":""}}},"product_cat":[19],"product_tag":[69,65,28,61,60],"jetpack_sharing_enabled":true,"_links":{"self":[{"href":"https:\/\/manoslibresvillegas.com\/index.php\/wp-json\/wp\/v2\/product\/205"}],"collection":[{"href":"https:\/\/manoslibresvillegas.com\/index.php\/wp-json\/wp\/v2\/product"}],"about":[{"href":"https:\/\/manoslibresvillegas.com\/index.php\/wp-json\/wp\/v2\/types\/product"}],"replies":[{"embeddable":true,"href":"https:\/\/manoslibresvillegas.com\/index.php\/wp-json\/wp\/v2\/comments?post=205"}],"wp:featuredmedia":[{"embeddable":true,"href":"https:\/\/manoslibresvillegas.com\/index.php\/wp-json\/wp\/v2\/media\/208"}],"wp:attachment":[{"href":"https:\/\/manoslibresvillegas.com\/index.php\/wp-json\/wp\/v2\/media?parent=205"}],"wp:term":[{"taxonomy":"product_cat","embeddable":true,"href":"https:\/\/manoslibresvillegas.com\/index.php\/wp-json\/wp\/v2\/product_cat?post=205"},{"taxonomy":"product_tag","embeddable":true,"href":"https:\/\/manoslibresvillegas.com\/index.php\/wp-json\/wp\/v2\/product_tag?post=205"}],"curies":[{"name":"wp","href":"https:\/\/api.w.org\/{rel}","templated":true}]}}