{"id":229,"date":"2024-02-16T18:40:45","date_gmt":"2024-02-16T21:40:45","guid":{"rendered":"https:\/\/manoslibresvillegas.com\/?post_type=product&#038;p=229"},"modified":"2024-02-16T18:40:45","modified_gmt":"2024-02-16T21:40:45","slug":"smartband-m6","status":"publish","type":"product","link":"https:\/\/manoslibresvillegas.com\/index.php\/product\/smartband-m6\/","title":{"rendered":"SMARTBAND M6"},"content":{"rendered":"<p>FUNCIONES<br \/>\n* CONTROL DEL SUE\u00d1O: Es posible monitorear la calidad de nuestro sue\u00f1o, conociendo de esta manera cu\u00e1nto descansamos ayud\u00e1ndonos a mejorar esos h\u00e1bitos.<br \/>\n* POD\u00d3METRO: Permite grabar cuantos pasos damos y contar la distancia que hacemos para llevar un completo control deportivo.<br \/>\n* RITMO CARDIACO: Podr\u00e1s conocer el ritmo cardiaco mientras realizas alguna actividad f\u00edsica, y saber cuando tengas que aumentar o disminuir tu esfuerzo f\u00edsico. (NO ES GRADO M\u00c9DICO)<br \/>\n* ENCONTRAR TEL\u00c9FONO: Puedes localizar tu celular mediante la conexi\u00f3n bluethooth as\u00ed como encontrar tu banda desde el celular.<br \/>\n* CONTROL REMOTO DE LA C\u00c1MARA DEL TEL\u00c9FONO: Podemos controlar de forma remota la c\u00e1mara del celular, inmortalizando nuestros mejores momentos desde cualquier \u00e1ngulo con s\u00f3lo agitar tu mu\u00f1eca.<\/p>\n","protected":false},"excerpt":{"rendered":"<p>FUNCIONES * CONTROL DEL SUE\u00d1O: Es posible monitorear la calidad de nuestro sue\u00f1o, conociendo de esta manera cu\u00e1nto descansamos ayud\u00e1ndonos a mejorar esos h\u00e1bitos. * POD\u00d3METRO: Permite grabar cuantos pasos damos y contar la distancia que hacemos para llevar un completo control deportivo. * RITMO CARDIACO: Podr\u00e1s conocer el ritmo cardiaco mientras realizas alguna actividad &hellip;<\/p>\n<p class=\"read-more\"> <a class=\"\" href=\"https:\/\/manoslibresvillegas.com\/index.php\/product\/smartband-m6\/\"> <span class=\"screen-reader-text\">SMARTBAND M6<\/span> Leer m\u00e1s &raquo;<\/a><\/p>\n","protected":false},"featured_media":231,"comment_status":"open","ping_status":"closed","template":"","meta":{"site-sidebar-layout":"default","site-content-layout":"","ast-site-content-layout":"default","site-content-style":"default","site-sidebar-style":"default","ast-global-header-display":"","ast-banner-title-visibility":"","ast-main-header-display":"","ast-hfb-above-header-display":"","ast-hfb-below-header-display":"","ast-hfb-mobile-header-display":"","site-post-title":"","ast-breadcrumbs-content":"","ast-featured-img":"","footer-sml-layout":"","theme-transparent-header-meta":"default","adv-header-id-meta":"","stick-header-meta":"","header-above-stick-meta":"","header-main-stick-meta":"","header-below-stick-meta":"","astra-migrate-meta-layouts":"set","ast-page-background-enabled":"default","ast-page-background-meta":{"desktop":{"background-color":"var(--ast-global-color-4)","background-image":"","background-repeat":"repeat","background-position":"center center","background-size":"auto","background-attachment":"scroll","background-type":"","background-media":"","overlay-type":"","overlay-color":"","overlay-gradient":""},"tablet":{"background-color":"","background-image":"","background-repeat":"repeat","background-position":"center center","background-size":"auto","background-attachment":"scroll","background-type":"","background-media":"","overlay-type":"","overlay-color":"","overlay-gradient":""},"mobile":{"background-color":"","background-image":"","background-repeat":"repeat","background-position":"center center","background-size":"auto","background-attachment":"scroll","background-type":"","background-media":"","overlay-type":"","overlay-color":"","overlay-gradient":""}},"ast-content-background-meta":{"desktop":{"background-color":"var(--ast-global-color-5)","background-image":"","background-repeat":"repeat","background-position":"center center","background-size":"auto","background-attachment":"scroll","background-type":"","background-media":"","overlay-type":"","overlay-color":"","overlay-gradient":""},"tablet":{"background-color":"var(--ast-global-color-5)","background-image":"","background-repeat":"repeat","background-position":"center center","background-size":"auto","background-attachment":"scroll","background-type":"","background-media":"","overlay-type":"","overlay-color":"","overlay-gradient":""},"mobile":{"background-color":"var(--ast-global-color-5)","background-image":"","background-repeat":"repeat","background-position":"center center","background-size":"auto","background-attachment":"scroll","background-type":"","background-media":"","overlay-type":"","overlay-color":"","overlay-gradient":""}}},"product_cat":[75],"product_tag":[78,77,76,62],"jetpack_sharing_enabled":true,"_links":{"self":[{"href":"https:\/\/manoslibresvillegas.com\/index.php\/wp-json\/wp\/v2\/product\/229"}],"collection":[{"href":"https:\/\/manoslibresvillegas.com\/index.php\/wp-json\/wp\/v2\/product"}],"about":[{"href":"https:\/\/manoslibresvillegas.com\/index.php\/wp-json\/wp\/v2\/types\/product"}],"replies":[{"embeddable":true,"href":"https:\/\/manoslibresvillegas.com\/index.php\/wp-json\/wp\/v2\/comments?post=229"}],"wp:featuredmedia":[{"embeddable":true,"href":"https:\/\/manoslibresvillegas.com\/index.php\/wp-json\/wp\/v2\/media\/231"}],"wp:attachment":[{"href":"https:\/\/manoslibresvillegas.com\/index.php\/wp-json\/wp\/v2\/media?parent=229"}],"wp:term":[{"taxonomy":"product_cat","embeddable":true,"href":"https:\/\/manoslibresvillegas.com\/index.php\/wp-json\/wp\/v2\/product_cat?post=229"},{"taxonomy":"product_tag","embeddable":true,"href":"https:\/\/manoslibresvillegas.com\/index.php\/wp-json\/wp\/v2\/product_tag?post=229"}],"curies":[{"name":"wp","href":"https:\/\/api.w.org\/{rel}","templated":true}]}}